units digit of n/(2*-1) - -5?
7
Suppose 252 = -6*n + 8*n. What is the hundreds digit of n?
1
Let k(p) be the first derivative of -p**3/3 + 2*p**2 - 3*p - 13. Let v = -3 - -5. What is the units digit of k(v)?
1
Let t = 145 + -91. Suppose -t = -x - x - g, 0 = g. What is the tens digit of x?
2
Let u = -32 + 56. Let f = u + -12. What is the units digit of f?
2
Let d(u) = u**2 + u - 4. Let w be (-2)/1*(-2)/(-4). Let y = w + -2. What is the units digit of d(y)?
2
What is the tens digit of -8*(-3)/6*73?
9
Let w = 42 - -22. What is the tens digit of w?
6
Let w(b) = b**3 + 5*b**2 + 2*b + 4. Let c(z) = -4*z. Let u be c(1). What is the units digit of w(u)?
2
Suppose 5*d - 53 - 33 = -2*t, -d + 12 = 3*t. What is the units digit of d?
8
Let q(m) = -m**3 - 3*m**2 + 2*m - 1. Let c(x) = -6 - 9*x + 2 + x**3 + 8*x**2 + 0*x**3. Let g be c(-9). What is the units digit of q(g)?
7
Let t = 4 + -7. What is the tens digit of (-1)/(t - -2)*15?
1
Let d(h) = -h**3 + 12*h**2 - 6*h - 7. Let u = -14 + 25. What is the tens digit of d(u)?
4
Suppose 164 = -3*l + 56. Let q = -21 - l. Suppose -3*h = 2*r - q, -2*r + r = -4*h + 31. What is the units digit of h?
7
Let q = 26 + -24. Suppose 5*k - 2*k = 18. Suppose -k*y + 24 = -q*y. What is the units digit of y?
6
Suppose 0 = 3*a - 2*p - 26, 0*a - 4*p + 4 = a. Suppose 2*i - a = 0, -4*u + 39 = u + i. Suppose -3*k + 19 - u = 0. What is the units digit of k?
4
Let z(q) = -q**3 - 9*q**2 + 12*q + 19. What is the units digit of z(-12)?
7
Let t = -97 - -136. What is the units digit of t?
9
Let a be -4*1/(-4) + 2. Let r = 1 + -1. Suppose r = -f + a + 3. What is the units digit of f?
6
Suppose 0*n + 3*b = 2*n - 47, 0 = -4*b - 20. Suppose -n = -z - 2*f, 0 = 5*z - 0*z - 5*f - 80. What is the tens digit of z?
1
Let c be -1 + -1 + 0 + 11. Suppose 4*z - 60 = c*z. What is the units digit of (z + 2)*(-1)/2?
5
Suppose 5*b = 4*b - 36. Let l = 65 + b. What is the tens digit of l?
2
Let c = -251 - -433. What is the tens digit of c?
8
Suppose 6*g = 10*g - 172. Suppose 40 = 2*d + 2*n, -2*d = n + 2 - g. What is the units digit of d?
1
Suppose 0 = -5*a + 4*u + 24, 5*u = -a + 2 - 3. Suppose -a*k - k = -25. Suppose 2*x - 26 = -k*t + x, -3*x - 12 = -3*t. What is the units digit of t?
5
Let w(h) = -h**2 - 2*h + 1. Let u be w(-3). What is the units digit of -2*(15/u + 3)?
9
Let y(z) be the first derivative of -z**4/4 + 2*z**3 + 9*z**2/2 - 10*z + 2. What is the units digit of y(7)?
4
Let k(a) = -4*a - 1. Let f be k(-1). What is the units digit of 88/20 - f/(-5)?
5
Suppose -5 = 4*s + 3*r, -5*s + r - 10 = 6*r. What is the units digit of s?
1
Let j = 0 + 0. Suppose j = -6*p + 2*p + 28. What is the units digit of p?
7
Suppose -o = -2*o + 5. Let h be 45/12 - (-1)/4. Suppose h*g = -4*n + 40, n - 2*g = -0*g - o. What is the units digit of n?
5
Suppose 3*s - 4*r = -9, s + 0*r + 3 = -r. Let l = 0 + 0. Let d = l - s. What is the units digit of d?
3
Let p(u) = 8*u**2 + 5*u - 3. Let m be p(3). Let l = m - 57. Suppose -36 = -3*j + l. What is the tens digit of j?
2
Let k(c) = -2*c**3 - c**2 - 7. What is the units digit of k(-3)?
8
Let o be (-3)/5 - 795/(-75). What is the units digit of o/(-3)*270/(-25)?
6
Suppose y = -1, -2*n - 3*n = -2*y - 47. Let v = n - 4. Suppose 0 = v*o - 2*o - 30. What is the units digit of o?
0
Suppose 5*v + 0*v - 115 = 0. What is the tens digit of v?
2
Suppose 0*b + 4*z = b + 4, 3*b - 3*z = 24. What is the units digit of b?
2
Suppose -1602 = -10*o + 948. What is the units digit of o?
5
Suppose p - 2*s + 0*s - 257 = 0, 4*p - 2*s - 1058 = 0. What is the hundreds digit of p?
2
Let b(v) = -v + 9. What is the units digit of b(4)?
5
Let t be (15/(-9))/(1/(-3)). Suppose 0 = 2*v - t*v + 15. What is the units digit of v?
5
What is the tens digit of 37/(-5 + 6 + 0)?
3
Let c be 3 + 6 + (1 - 4). What is the units digit of (2/c)/(8/168)?
7
Let p be -1 + 1 + 1 + -3. What is the units digit of 24 - 1/(p/(-4))?
2
Let g(s) = s**2 + 2*s + 2. Let z be g(-2). Suppose 2*f + 28 = -3*l, 2*f - z*l + 36 = -l. Let w = -11 - f. What is the units digit of w?
6
Let x be (-17)/(-3) + 7/21. What is the tens digit of (4 - 1)*20/x?
1
Suppose 0*g = 2*g - 2*d - 102, -3*d + 9 = 0. What is the units digit of g?
4
Suppose 3*a - 6*a - 4*f + 30 = 0, 5*f = a + 9. Let c = 2 + a. What is the units digit of c?
8
Suppose 4*b - k - 40 = 7*b, 3*b - 4*k = -20. What is the units digit of b/(-9)*3*2?
8
Let z = -1 - -3. What is the units digit of z?
2
Let q = 13 - 16. What is the units digit of 31 - (-3 - (3 + q))?
4
Let q = 15 + -36. Let p = 14 - q. Suppose -2*f + 19 = -3*i, i = 3*f + 3*i - p. What is the tens digit of f?
1
Let p(h) = h**2 + 2*h + 1. What is the units digit of p(-3)?
4
Let z(n) = 3*n - 38. What is the tens digit of z(17)?
1
What is the tens digit of 4/((6/10)/3)?
2
Suppose -h - s = s - 14, 4*h - 56 = 3*s. Suppose 0 = 5*g - 2*x - h, -x = -5*x - 8. What is the units digit of g?
2
Let q = -19 + 57. What is the units digit of q?
8
Suppose -3*n = -15, 2*n + 0*n + 10 = 5*s. What is the units digit of ((-1)/3)/(s/(-72))?
6
Suppose 3*z = 2*z + 16. What is the units digit of z?
6
Let v(i) = -i**2 + 1. Let k be v(2). Let f = k + 6. What is the units digit of f?
3
Let g(c) = -c**3 + 3*c**2 - c - 1. Let q be 2/(-1)*(-1)/1. What is the units digit of g(q)?
1
Let l(a) = 10*a**2 - 19*a - 1. Let r(g) = -7*g**2 + 13*g + 1. Let y(q) = 5*l(q) + 7*r(q). What is the units digit of y(4)?
2
Let j(q) = -5*q - 27. What is the units digit of j(-6)?
3
Suppose -4*k + 5*u - 4 = u, -2*k + 10 = 2*u. Let x be 6*((-1)/2 - -1). Suppose -k*d = 4*c + d - 57, x*d - 3 = -c. What is the tens digit of c?
1
Let z be 86/18 - 6/(-27). Let n = -3 + z. Suppose 3*j - 3*c = -n*j + 23, 0 = j + 2*c - 15. What is the units digit of j?
7
Let i be 1*3/(-3) - -11. Suppose 5*k = -3*b + 62, -1 = -k - 2*b + i. What is the tens digit of k?
1
Let x = 54 + -29. What is the units digit of x?
5
Let n(z) = -z**2 + z. Let a(i) = 3*i. Let w be a(1). Let y be n(w). Let f(t) = -2*t - 7. What is the units digit of f(y)?
5
Let l(g) be the second derivative of -5/2*g**2 + 0 + 1/2*g**3 - 2*g. What is the units digit of l(5)?
0
Let q(c) = -12 - 24*c + 22*c + 3. What is the units digit of q(-13)?
7
Suppose -9*x + 10*x = 5. What is the units digit of x?
5
Let l be (108/15)/((-2)/(-10)). Suppose l = 5*y + 6. Let w = 24 - y. What is the tens digit of w?
1
Let a(z) = -2*z - 3. Let r be a(-6). Suppose -2*v + 11 = -r. What is the tens digit of v?
1
Suppose -8*y + 12*y = 4. What is the units digit of y?
1
Suppose -5*y = 6*j - j - 145, -2*y - 4*j + 56 = 0. What is the units digit of y?
0
Let a(h) be the second derivative of h**4/6 + h. What is the tens digit of a(3)?
1
Let o(n) = n + 10. Let w be o(-8). Suppose -6 = -w*q - 0*q. Suppose 3*t - 12 = 0, t + q = 4*a - 9. What is the units digit of a?
4
Let k(a) = a - 3. Let z be k(4). Suppose -2*o = -5*d - z - 23, 0 = 3*d - 12. What is the tens digit of o?
2
Let o(g) = -2*g + 9. Let r(t) = t**3 - 3*t**2 - t - 9. Let n be r(4). What is the units digit of o(n)?
3
Suppose 2*b - 9 = 311. Let d = b + -111. What is the tens digit of d?
4
Let j(t) = t**3 + 9*t**2 - 13*t - 13. What is the tens digit of j(-10)?
1
Let q be 2*-1 + 5 + -3. Suppose q = -4*t + 5*f + 21, -5*t - 2*f = -6*f - 24. Suppose -w = 3 - t. What is the units digit of w?
1
Let y = 6 + -2. What is the units digit of y?
4
Let l be 1 - (-4)/(-2) - -6. What is the units digit of (l/(-15))/((-3)/171)?
9
Suppose -5*o + f + 709 = 0, o + 2*f - 147 = -3*f. What is the units digit of o?
2
What is the tens digit of 50 - 16/(-3 - 1)?
5
Let c(b) be the second derivative of 2*b - 1/12*b**4 + 0 + 1/2*b**2 - 7/6*b**3. What is the units digit of c(-7)?
1
Let z(w) = 30*w**2 - 5. What is the hundreds digit of z(3)?
2
Suppose 4*u + 5*d = 196, -2*u + 4*d = 5*d - 98. What is the units digit of u?
9
Let c(z) = 4*z + 20. Let v be c(-8). Let y(u) = -u**2 - 15*u - 7. What is the tens digit of y(v)?
2
Suppose q + k - 7 = 0, 8 + 21 = 5*q + 2*k. Suppose -2*f + 9 + 9 = 2*u, -f = -q*u + 39. What is the units digit of u/3*45/10?
2
Suppose 0 = -18*x + 2126 + 3400. What is the tens digit of x?
0
Suppose -8*k - 30 = -3*k. Let l = 1 - k. Suppose l*o - 65 = 2*o. What is the tens digit of o?
1
Suppose -f - 4 = -2*f. Suppose -y + 5*t - 17 = 0, -t - 3*t = -f*y - 4. What is the units digit of y?
